st the prime factors of y.
2, 11
Let v be -6538*-8*(-7)/56. List the prime factors of (-10)/(-300)*6 - v/10.
2, 3, 109
Let w = -10613 - -14932. Suppose 5*x + 4*k = w, 0 = x + k - 938 + 74. List the prime factors of x.
863
Let i be 325/(-20) - 4/(-16). Let g be -2 + i/(-7) + (-10066)/(-98). Suppose -n + g = -0*n. What are the prime factors of n?
103
Let r(x) = 46*x + 38*x - 95*x + 12 + 79. List the prime factors of r(-28).
3, 7, 19
Let a = 215 - 215. What are the prime factors of 371 - a*(-4)/28?
7, 53
What are the prime factors of (-17 - 350/(-42))*5061/(-2)?
7, 13, 241
Suppose 3*t = t + r + 1, 5*t + 3*r - 19 = 0. Let g(w) = 112*w - 32. What are the prime factors of g(t)?
2, 3
Let i = 202 - -69. Let n = 440 - i. List the prime factors of n.
13
Let k = 36 - 34. Let a(w) = 19 + 7*w - k*w - 3. What are the prime factors of a(20)?
2, 29
Let y(m) = 99*m - 877. List the prime factors of y(30).
7, 13, 23
Let p(q) = 203*q**2 + 44*q - 102. List the prime factors of p(-5).
7, 97
Let n(x) = -32875*x - 164. What are the prime factors of n(-1)?
7, 4673
Let t(p) be the second derivative of 19/6*p**3 + 10*p**2 - 1/20*p**5 - 15*p + 0 - 7/6*p**4. List the prime factors of t(-16).
2, 3, 19
List the prime factors of (-859024)/(-104) - 16/(-104).
2, 5, 7, 59
What are the prime factors of (71742/(-110))/((-6)/270)?
3, 1087
Let y(g) = g**2 + 5*g - 110. Let q = 36 + -26. What are the prime factors of y(q)?
2, 5
List the prime factors of (-199228)/(-10) - 48/(-40).
2, 17, 293
Let f(a) = -a**3 + 9*a**2 - 11*a + 5. Let x be f(7). Let v(b) = -9*b + x + 12*b - 10*b. List the prime factors of v(-13).
3, 13
Let b(a) = a**2 - 8*a + 7. Let w be b(6). Let s be 1*(-4 - w)/1. What are the prime factors of s/((-1)/3) - (-828)/4?
2, 3, 17
Let r be -3 + (4 - -3) - 573. Let t = 1256 + r. List the prime factors of t.
3, 229
What are the prime factors of 110/3*(-52155)/(-190)?
3, 5, 11, 61
Let d = 41 - 32. Let c(g) = -g**2 + 10*g - 6. Let q be c(d). What are the prime factors of (-4 + (-485)/15)/(q/(-9))?
109
Let m = 9 - 7. Suppose 0 = 2*a - a - m. Suppose -104 = -2*p + a*b, 4*b - 11 = 1. List the prime factors of p.
5, 11
Let u be (1 + 0)*(-20 + 22). Suppose u*r = -s - 118, 0 = -4*s + r - 4*r - 447. Let m = s - -176. What are the prime factors of m?
2, 17
Suppose 0 = -4*m - 2*q + 34, 0 = 3*m + 3*q - q - 24. Suppose m*o = 15*o - 785. Suppose 0 = 2*l - p - 193, -l - 38 = -5*p - o. List the prime factors of l.
2, 47
Suppose -21419 = -6*h + 52*h - 493609. List the prime factors of h.
5, 2053
Let j be -58 - 4/((-16)/(-20)). Let w be 1/(5/(j + 3)). List the prime factors of -519*10/(-25)*(-10)/w.
173
Let x(k) = 657*k - 1065. List the prime factors of x(7).
2, 3, 19, 31
Suppose -2*r = -2, -4*r + 223 = -3*a - 327. Let j = a + 219. List the prime factors of j.
37
Suppose 0 = -3*v + 12, -v - 160 = 2*s - 5*v. Let i be (-5268)/s + 2/(-12). What are the prime factors of i - ((-3)/9)/(3/(-9))?
2, 3
Let i = 14579 - 4431. What are the prime factors of i?
2, 43, 59
Let n be (4 - (-33)/(-3))/1. Let k(f) = -f**3 - 8*f**2 - 9*f + 1. Let x be k(n). Let l = 45 + x. List the prime factors of l.
2, 3, 5
Let l(g) = 52*g**3 + 11*g**2 - 23*g + 1. What are the prime factors of l(4)?
3413
Let t = 47 - 46. Let s be 0/t - (1 + 2 + 1). Let a(p) = p**3 + 10*p**2 + 2*p + 5. List the prime factors of a(s).
3, 31
Let y = -17051 + 39360. What are the prime factors of y?
7, 3187
Let b be 6*2*(-70)/(-15). Suppose -329 = b*p - 57*p. List the prime factors of p.
7, 47
Let o be 0/(39/(-26)*12/9). Suppose -17*v + 5*v + 3828 = o. List the prime factors of v.
11, 29
Suppose -2*j - 2*c = -16 - 18, 0 = 5*j - c - 97. Suppose 0 = p - 3*y - j, 0 = 6*y - y + 20. Suppose -p = -2*v + 39. List the prime factors of v.
23
Let s(q) = -2*q**2 - 10*q + 2. Let v be s(-8). Suppose 106 - 306 = 20*g. What are the prime factors of 1 - (-5)/(g/v)?
2, 3
Suppose -144 = -30*m + 6. Suppose 3*h = b + 614, -b + 4*b = -m*h + 1028. List the prime factors of h.
5, 41
Let h be (198/(-12))/((-3)/(-6)). Let y = -31 - h. List the prime factors of 315/36 + -3*y/8.
2
Suppose 4*h - 40 = -3*j, 3*j + 2*h - 32 = -0*j. Suppose -2*k + 4*u + 6 = 2*u, j = k + 4*u. List the prime factors of (k/(-2))/(-7 - 4435/(-635)).
127
Let p = -2361 - -2348. Let n(y) = -8*y**2 - 69*y + 31. Let o(v) = -2*v**2 - 17*v + 8. Let k(f) = 2*n(f) - 9*o(f). List the prime factors of k(p).
7, 19
Let n(f) = 6*f + 22. Suppose 0 = 14*m + 45 - 465. List the prime factors of n(m).
2, 101
Suppose 0 = -5*a + 2*s + 42, -4*s = 3*a - 0*s - 20. Suppose -3*h + a*h = 215. Let c = h + -35. List the prime factors of c.
2
Let q(r) = 1427*r**2 - 69*r + 184. List the prime factors of q(3).
2, 5, 641
Suppose -2*o + 4*l = -1444, 2*o - l - l = 1454. Suppose -5*x + o = -623. What are the prime factors of x?
271
Suppose -3787*n + 40793 + 236593 = -3781*n. What are the prime factors of n?
83, 557
Let o be (-3)/5 - (-4168)/(-20). Let z = 789 + o. Suppose 5*f - 4*l = l + z, 5*l - 110 = -f. List the prime factors of f.
5, 23
Let h = 1641 - 2829. What are the prime factors of h/10*70/(-28)?
3, 11
Let k be 470/3*(50/20 - 1). Suppose -3*g + 188 = -k. What are the prime factors of g?
3, 47
Let l = -47 - -47. Suppose 6*y = 3*t + y - 16, l = 2*t + 3*y + 2. Suppose -t*h = -3*h + 137. List the prime factors of h.
137
Suppose 0 = 15*p - 12*p - 3. Let b be 7 - p*(-2)/(-1). Suppose 0 = -3*o - 3*n + 210, o - 3*n = -b*n + 71. List the prime factors of o.
3, 23
Suppose 0 = -l - 2*b + 317, 2*l + 2*b = 355 + 279. Suppose 0 = 2*n + 5*y - l - 448, -2*y = 2. List the prime factors of n.
5, 7, 11
Suppose -6*z - 69 = -33. What are the prime factors of 7 + 4146/(12 + z)?
2, 349
Let j = -982 - 372. Let o be (-2)/8*j - 3/(-6). Let k = o + -184. What are the prime factors of k?
5, 31
Suppose 5*j - 11 = -4*w + 5, -5*w = -5*j + 25. Let b(z) = 96*z - 76. What are the prime factors of b(j)?
2, 7, 11
Let r = -13 - -22. Suppose -4*z = -r*z + 125. Let q = z - -56. What are the prime factors of q?
3
Let n(u) = u**3 - 10*u - 18. Suppose w + 5*p - 21 = 0, -6*w = -4*w - 3*p - 3. List the prime factors of n(w).
2, 3, 23
What are the prime factors of (4 - ((-447888)/20 + 27/(-45))) + -6?
7, 457
Let b(d) = d**2 + 12*d + 7011. List the prime factors of b(0).
3, 19, 41
Suppose -34*r = -3*j - 1168954, -55507 = 3*r - 2*j - 158650. What are the prime factors of r?
34381
Let m(f) = f + 7. Let a be m(-7). Suppose 0 = -a*w - w + 1551. What are the prime factors of 14/21 - w/(-9)?
173
List the prime factors of (515/(-20))/(5 - 4149/828).
23, 103
Let i(r) = -574*r - 234. What are the prime factors of i(-17)?
2, 2381
Let o(l) = 5*l**2 + 106*l + 439. List the prime factors of o(46).
5, 11, 17
Let j = 192 - 183. What are the prime factors of (-5832)/(-15) + j/45?
389
Suppose -3*a - 3*n = -609, 3*a = 15*n - 10*n + 649. Let d = 1495 - a. List the prime factors of d.
3, 11, 13
Let v(x) = x + 2. Let n be v(-14). Let f be (489 - -1)/((-7 - n)/10). Suppose -73*g - f = -78*g. List the prime factors of g.
2, 7
Suppose 1 = -51*t + 50*t. What are the prime factors of -18*(1/t + 30/(-9))?
2, 3, 13
Let q = 34877 + -15660. List the prime factors of q.
11, 1747
Let f = 1034 + -1035. Let z be (0 - 1) + (1 - 2). List the prime factors of (z - 7/(-14))*42*f.
3, 7
Suppose -2*f + 3*f = q + 406, -q = -2*f + 810. Suppose -2*i = 2*h - 868, 2*i + 5*h = 3*i - f. What are the prime factors of i?
3, 11, 13
Suppose -46*v + 4172479 = 120*v - 3717003. List the prime factors of v.
47527
Let j(y) = y**3 - 6*y**2 + 2*y - 13. Let v be j(6). Let h be (70 - 0) + v + 2. Suppose 28 = 3*b - h. What are the prime factors of b?
3, 11
Suppose 2*o - 7 = t, -4*o + o = t - 8. Suppose -3*p + 8*p = 25. Suppose 0 = -p*g - b + o*b + 368, -219 = -3*g + 3*b. List the prime factors of g.
2, 37
Suppose 11*m + 16626 = 4*n + 6*m, -4*m = 4*n - 16608. What are the prime factors of n?
2, 31, 67
Let x(c) = c**2 + 12*c + 36. Let s be x(-6). Suppose 3*d - 1968 = -5*a, s*d - 2*a = 2*d - 1312. List the prime factors of d.
2, 41
Let n(s) = -10*s**3 - 140*s**2 + 19*s - 2. What are the prime factors of n(-17)?
5, 1669
Let n(y) = -2*y**3 - 4*y**2 + 4*y - 2. Let f be n(-4). Let o = f + -68. Let i = o + 101. What are the prime factors of i?
79
Let x(a) be the first derivative of -3*a**4/2 + 21*a**3 - 3*a**2 - 12*a - 2. List the prim